+ 3*o - 57. What are the prime factors of j?
2, 3
Let b(x) = -x + 2. Let j be b(0). Suppose -5*i - 4*n = 20, -j*i - 5*n = -7*i + 25. Suppose -2*v = -i*v - 28. What are the prime factors of v?
2, 7
List the prime factors of -5 + -1 + 3 + (388 - 1).
2, 3
Let m(x) = -x**3 + 15*x**2 - 5*x - 33. What are the prime factors of m(13)?
2, 3, 5
Let x be (-27)/(-12) - (-1)/(-4). List the prime factors of x/(-4)*(-98 + -4).
3, 17
Let u be 16/(-24) + (-13)/3. Let c(d) = -d + 4. List the prime factors of c(u).
3
Let q(p) = 110*p**3 - 1. List the prime factors of q(1).
109
Suppose 5*y = 190 + 250. What are the prime factors of y?
2, 11
What are the prime factors of (-2 + 2/(-3))/((-12)/234)?
2, 13
Suppose -2*q + 0*q = r, -3 = 2*r + q. Let n = r - -6. List the prime factors of 2/n + (-3)/(-2).
2
Suppose 5*u + 2*u - 385 = 0. What are the prime factors of u?
5, 11
Let p be 6/(-4)*(-6 + 12). Let s(c) = c**2 + 4*c - 9. Let k be s(p). Let u = k + -23. List the prime factors of u.
13
Suppose 2*g + s = 5*s + 790, -3*s = -3*g + 1182. What are the prime factors of 4/16 + g/12?
3, 11
Suppose 4*z + 3*l + 220 = 0, z - l + 74 = 3*l. Let v = z + 82. List the prime factors of v.
2, 3
Suppose -m = -3*h + 119, -2*h + 0*h - 2*m + 90 = 0. What are the prime factors of h?
41
Suppose -2 + 8 = -3*a + 5*l, 2*a - 4*l = -6. Suppose a*u = -2*u + 60. What are the prime factors of u?
2, 3
Suppose g + 4 - 8 = 0. Suppose 4*f - 3*f + 9 = -g*b, 3*f - 2*b - 15 = 0. What are the prime factors of f?
3
Suppose 3*x - 6*x + 21 = 5*p, 0 = 5*p - x - 13. Let m be (2 + 0)/(p/21). Suppose 3*n - n = m. List the prime factors of n.
7
Let n(p) = 2*p**3 - 5*p**2 + 2*p + 4. Let r be (0 - 9)*(-8)/24. List the prime factors of n(r).
19
Suppose 3*m + 2 = -7. Let a be m - 1/(3/(-9)). Suppose -12 = 3*f, a = -0*r - r + 3*f + 19. List the prime factors of r.
7
Let r = 7 - -10. What are the prime factors of r?
17
What are the prime factors of (-6)/15 + ((-1068)/(-5))/4?
53
Suppose s + 48 = -5*s. List the prime factors of (29/(-4))/(2/s).
29
Suppose -3*z + 8*z + 45 = 0. Let i = 60 + -32. Let j = z + i. What are the prime factors of j?
19
Let c = -7 + 8. Let w be -5*c - (-2 + 1). List the prime factors of -2*(2 + 14/w).
3
Let r = 8 + -11. Let h = r + 5. List the prime factors of h.
2
Let a(z) = -2*z + 5. Let p(v) = v**2 + 9*v + 10. Let f be p(-6). What are the prime factors of a(f)?
3, 7
Let w(n) = n + 3. Let c be w(-3). Let g = c - 5. Let o(b) = -2*b + 1. List the prime factors of o(g).
11
Let u be ((-5)/((-15)/(-6)))/(-1). Suppose -21 = -3*l - 3*p, -3*l + 23 = -p + u. What are the prime factors of l?
7
Let v(z) = -2*z - 6. Let u be v(7). Let j = -14 - u. List the prime factors of j.
2, 3
Let x(j) be the third derivative of -j**5/60 - 7*j**4/24 + 4*j**3/3 + 7*j**2. Let b be -6 - (-1)/2*0. List the prime factors of x(b).
2, 7
What are the prime factors of 8/12 - 2/3 - -255?
3, 5, 17
Suppose 3*p + 33 = 5*f + 170, 2*p - 3*f - 91 = 0. What are the prime factors of p?
2, 11
Let b(c) = 4*c**2 + 21*c + 9. List the prime factors of b(-8).
97
Let n(p) = p**2 + 6*p + 4. Let q be n(-6). Suppose 0*c + 116 = q*c. List the prime factors of c.
29
List the prime factors of (45 - -3)*10/6.
2, 5
Let l be (-9)/(-6)*(-4)/(-3). Suppose 4*o - 42 = -5*x, 12 = 5*x - l*x - 2*o. Suppose -4*s + x = -s. What are the prime factors of s?
2
Let g = -45 - -65. List the prime factors of g.
2, 5
Let j(c) = c**3 - 3*c**2 - 6*c + 4. Let f be j(5). Let z = f + -3. List the prime factors of z.
3, 7
Let i(d) = -d - 7. Let q be i(-11). Suppose -2*m + 4 = 0, -q*x + 44 = -2*x - 3*m. What are the prime factors of x?
5
Suppose 55 = -32*r + 37*r. List the prime factors of r.
11
Suppose -3*v + 109 = -95. Let b = 103 - v. What are the prime factors of b?
5, 7
Suppose 11*d - 3 = 8*d. Let o(f) = -15*f. Let q be o(2). What are the prime factors of d - (2 + q/3)?
3
Let m = -23 + 32. Suppose -4*n + 11 = -m. What are the prime factors of n?
5
Let r(c) = -c**2 - 2*c - 2. Let j be r(-2). Let a(p) = p**3 - 6*p**2 + 7*p - 5. Let l be a(5). What are the prime factors of (12/(-10))/(j/l)?
3
Let l = 2 - -6. Let w = l + 1. What are the prime factors of w?
3
Let k(w) be the second derivative of w**5/20 + 2*w**4/3 + 7*w**3/6 - 9*w**2/2 - 2*w. Let v be k(-7). What are the prime factors of ((-2)/6)/(1/v)?
3
Let d = 6 - 8. Let b(p) = -p. Let f be b(d). Suppose 17 = f*k - 3. What are the prime factors of k?
2, 5
Suppose 0 = 3*y - 177 - 231. List the prime factors of y.
2, 17
Suppose -13 + 3 = -5*f. Suppose -9 = -f*x - d - 4*d, -5*x = -2*d - 8. List the prime factors of x.
2
Let r(i) = i**3 - 5*i**2 - 8*i + 8. Let h be r(6). What are the prime factors of 23/4 + (-1)/h?
2, 3
Suppose -42 = -4*c - 2. What are the prime factors of c?
2, 5
Let j(u) = -u**3 + 3*u**2 + u + 3. Let q be j(3). Let l be ((-2)/3)/(q/(-27)). Suppose 5*s - 38 = -3*p, -5*p - 5*s + 32 = -l*p. What are the prime factors of p?
2, 3
List the prime factors of 20/(-4)*(1 - 4).
3, 5
Let r(d) = 278*d**3 - d**2 - d + 1. List the prime factors of r(1).
277
Let m(i) = 11*i - i + 2 - 3 + 9*i. What are the prime factors of m(1)?
2, 3
Let h(n) = -n**3 + 6*n**2 - 8. Let m be h(6). Let k = m - -11. List the prime factors of 8 + (-1)/(k/6).
2, 3
Let n be (8/3)/(2/3). Suppose n*a = 5*d - 4 + 9, 2*d + 9 = 3*a. What are the prime factors of a?
5
Let q = -5 - -2. Let g be (-2)/(-6) - (-1)/q. What are the prime factors of -10*((-4)/10 + g)?
2
Suppose 3*a = 4*a + 6. Let f be 36/(-27)*a/4. What are the prime factors of (f/(-2))/((-3)/21)?
7
Let i = 9 + -4. Suppose 3*y = i*s + 49, 3*s + 5*y = -s - 17. Let f = s + 18. List the prime factors of f.
2, 5
Let g(l) be the second derivative of -l**4/12 - 5*l**3/6 + l**2 - 3*l. Let v be g(-5). What are the prime factors of (24/(-28))/(v/(-14))?
2, 3
Suppose 9*y = 8*y. Suppose -6*h + h + 35 = y. Suppose 0 = 2*l + 3*l - 5*v - 10, -4*v = l - h. What are the prime factors of l?
3
Let n = 6 - -8. List the prime factors of n.
2, 7
Let u(g) = g + 4. Let j be u(-5). Let y(l) = -27*l - 1. What are the prime factors of y(j)?
2, 13
Suppose 585 = 2*s + 3*t, 4*s - 517 - 643 = -4*t. List the prime factors of s.
3, 5, 19
Let c = -1 - -1. Let u be 1 + (1 - (c - 19)). Let v = -11 + u. What are the prime factors of v?
2, 5
Suppose 6*o = 2*o + 96. Let t = 11 - 7. Suppose -t*i + 0*i = -o. List the prime factors of i.
2, 3
Suppose 3*n - 4*g + 2 = -9, 5*g = 3*n + 16. List the prime factors of n.
3
Suppose 4*y - 3*z - 56 = 2*y, -2*y = 2*z - 36. Suppose -3*r = 5*x - y, -5*r + 14 + 14 = 4*x. List the prime factors of x.
2
Let i be (0 - -2)*(-7)/(-14). Let d = i + -1. Suppose 18 = -d*l + 3*l. List the prime factors of l.
2, 3
Let z(h) = h**2 + 6*h + 5. Let b be z(-4). Let n = 2 - b. Suppose -s = p - 16, p + 4*s + 40 = n*p. What are the prime factors of p?
13
Suppose 2*z = 2*n + 14, 3*z + 14 = -n - 3*n. List the prime factors of z.
2
Let w = 0 + 0. Let g = w - -2. List the prime factors of g.
2
Suppose -665 = 5*q - 1615. List the prime factors of q.
2, 5, 19
Let p(y) be the second derivative of -1/12*y**4 + 2/3*y**3 + 4*y - 1/2*y**2 + 0. What are the prime factors of p(2)?
3
Let x = 8 - 4. Suppose 0 = x*k + q - 16, -2*k - 4*q + 7*q - 6 = 0. Let a = k + 9. List the prime factors of a.
2, 3
Let m = -52 - -71. List the prime factors of m.
19
Let m = 168 - 35. List the prime factors of m.
7, 19
Let i = -20 + 34. Suppose -4*b - i = 2*v, -3*v + 6*v - 3 = 2*b. List the prime factors of 4*2*b/(-12).
2
Let c = 75 - -321. What are the prime factors of c?
2, 3, 11
Let h = 37 + -63. What are the prime factors of (1 - 2)*(4 + h)?
2, 11
Let c = -3 - -3. Suppose -5*m = 3*w + 3, -4 = -c*w + 4*w - 5*m. What are the prime factors of 2*(w - -2) + 4?
2, 3
Suppose 3*y - 6 = y. Suppose -3*m + y = -6. List the prime factors of m.
3
Suppose 2*q + 8 = -2*q. Let i be (-2 - (4 + q))/(-2). Suppose 65 = 3*w + i*w. What are the prime factors of w?
13
Suppose -32 = 3*r - 4*r. Let c be (r/6)/((-4)/(-42)). Suppose -d = 3*d + 4*z - c, d = z + 8. What are the prime factors of d?
11
Suppose -4*l - 9 = -29. Suppose l*h + 5 = -j, -6*j + j + 1 = -h. What are the prime factors of (j - (1 + 0)) + 5?
2
Let b be (10 - 4) + (-2)/2. Suppose b = l - 1. Suppose 2*t - 46 = -l. What are the prime factors of t?
2, 5
Suppose m - 2*m = 4*x - 11, -4*x + 14 = 2*m. Suppo